[INFO] cloning repository https://github.com/storyfeet/gravity
[INFO] running `Command { std: "git" "-c" "credential.helper=" "-c" "credential.helper=/workspace/cargo-home/bin/git-credential-null" "clone" "--bare" "https://github.com/storyfeet/gravity" "/workspace/cache/git-repos/https%3A%2F%2Fgithub.com%2Fstoryfeet%2Fgravity", kill_on_drop: false }`
[INFO] [stderr] Cloning into bare repository '/workspace/cache/git-repos/https%3A%2F%2Fgithub.com%2Fstoryfeet%2Fgravity'...
[INFO] running `Command { std: "git" "rev-parse" "HEAD", kill_on_drop: false }`
[INFO] [stdout] 39b2e22e46d208aa1930eb5c9931a9f0845c163c
[INFO] checking storyfeet/gravity against master#af3c6e733a40e671550e0f0f5aeecaa13772ba56 for pr-74989
[INFO] running `Command { std: "git" "clone" "/workspace/cache/git-repos/https%3A%2F%2Fgithub.com%2Fstoryfeet%2Fgravity" "/workspace/builds/worker-0/source", kill_on_drop: false }`
[INFO] [stderr] Cloning into '/workspace/builds/worker-0/source'...
[INFO] [stderr] done.
[INFO] validating manifest of git repo https://github.com/storyfeet/gravity on toolchain af3c6e733a40e671550e0f0f5aeecaa13772ba56
[INFO] running `Command { std: "/workspace/cargo-home/bin/cargo" "+af3c6e733a40e671550e0f0f5aeecaa13772ba56" "read-manifest" "--manifest-path" "Cargo.toml", kill_on_drop: false }`
[INFO] started tweaking git repo https://github.com/storyfeet/gravity
[INFO] removed path dependency lazy_conf from git repo https://github.com/storyfeet/gravity
[INFO] removed path dependency mksvg from git repo https://github.com/storyfeet/gravity
[INFO] finished tweaking git repo https://github.com/storyfeet/gravity
[INFO] tweaked toml for git repo https://github.com/storyfeet/gravity written to /workspace/builds/worker-0/source/Cargo.toml
[INFO] crate git repo https://github.com/storyfeet/gravity already has a lockfile, it will not be regenerated
[INFO] running `Command { std: "/workspace/cargo-home/bin/cargo" "+af3c6e733a40e671550e0f0f5aeecaa13772ba56" "fetch" "--locked" "--manifest-path" "Cargo.toml", kill_on_drop: false }`
[INFO] [stderr] warning: dependency (lazy_conf) specified without providing a local path, Git repository, or version to use. This will be considered an error in future versions
[INFO] [stderr] warning: dependency (mksvg) specified without providing a local path, Git repository, or version to use. This will be considered an error in future versions
[INFO] [stderr]     Updating crates.io index
[INFO] [stderr] error: the lock file /workspace/builds/worker-0/source/Cargo.lock needs to be updated but --locked was passed to prevent this
[INFO] [stderr] If you want to try to generate the lock file without accessing the network, use the --offline flag.
[INFO] the lockfile is outdated, regenerating it
[INFO] running `Command { std: "/workspace/cargo-home/bin/cargo" "+af3c6e733a40e671550e0f0f5aeecaa13772ba56" "generate-lockfile" "--manifest-path" "Cargo.toml" "-Zno-index-update", kill_on_drop: false }`
[INFO] running `Command { std: "/workspace/cargo-home/bin/cargo" "+af3c6e733a40e671550e0f0f5aeecaa13772ba56" "fetch" "--locked" "--manifest-path" "Cargo.toml", kill_on_drop: false }`
[INFO] [stderr] warning: dependency (lazy_conf) specified without providing a local path, Git repository, or version to use. This will be considered an error in future versions
[INFO] [stderr] warning: dependency (mksvg) specified without providing a local path, Git repository, or version to use. This will be considered an error in future versions
[INFO] running `Command { std: "docker" "create" "-v" "/var/lib/crater-agent-workspace/builds/worker-0/target:/opt/rustwide/target:rw,Z" "-v" "/var/lib/crater-agent-workspace/builds/worker-0/source:/opt/rustwide/workdir:ro,Z" "-v" "/var/lib/crater-agent-workspace/cargo-home:/opt/rustwide/cargo-home:ro,Z" "-v" "/var/lib/crater-agent-workspace/rustup-home:/opt/rustwide/rustup-home:ro,Z" "-e" "SOURCE_DIR=/opt/rustwide/workdir" "-e" "CARGO_TARGET_DIR=/opt/rustwide/target" "-e" "CARGO_HOME=/opt/rustwide/cargo-home" "-e" "RUSTUP_HOME=/opt/rustwide/rustup-home" "-w" "/opt/rustwide/workdir" "-m" "1610612736" "--user" "0:0" "--network" "none" "rustops/crates-build-env@sha256:d92eaeed33fa75130ca1ee6c8a01d1ffb62bac859dfdfb3450e3e5d1c0146529" "/opt/rustwide/cargo-home/bin/cargo" "+af3c6e733a40e671550e0f0f5aeecaa13772ba56" "metadata" "--no-deps" "--format-version=1", kill_on_drop: false }`
[INFO] [stdout] 18d88e750fe0d4c2bbe66191ffa759c00743bafc1a1622cd3b617a9f0c132aff
[INFO] [stderr] WARNING: Your kernel does not support swap limit capabilities or the cgroup is not mounted. Memory limited without swap.
[INFO] running `Command { std: "docker" "start" "-a" "18d88e750fe0d4c2bbe66191ffa759c00743bafc1a1622cd3b617a9f0c132aff", kill_on_drop: false }`
[INFO] running `Command { std: "docker" "inspect" "18d88e750fe0d4c2bbe66191ffa759c00743bafc1a1622cd3b617a9f0c132aff", kill_on_drop: false }`
[INFO] running `Command { std: "docker" "rm" "-f" "18d88e750fe0d4c2bbe66191ffa759c00743bafc1a1622cd3b617a9f0c132aff", kill_on_drop: false }`
[INFO] [stdout] 18d88e750fe0d4c2bbe66191ffa759c00743bafc1a1622cd3b617a9f0c132aff
[INFO] running `Command { std: "docker" "create" "-v" "/var/lib/crater-agent-workspace/builds/worker-0/target:/opt/rustwide/target:rw,Z" "-v" "/var/lib/crater-agent-workspace/builds/worker-0/source:/opt/rustwide/workdir:ro,Z" "-v" "/var/lib/crater-agent-workspace/cargo-home:/opt/rustwide/cargo-home:ro,Z" "-v" "/var/lib/crater-agent-workspace/rustup-home:/opt/rustwide/rustup-home:ro,Z" "-e" "SOURCE_DIR=/opt/rustwide/workdir" "-e" "CARGO_TARGET_DIR=/opt/rustwide/target" "-e" "CARGO_INCREMENTAL=0" "-e" "RUST_BACKTRACE=full" "-e" "RUSTFLAGS=--cap-lints=forbid" "-e" "CARGO_HOME=/opt/rustwide/cargo-home" "-e" "RUSTUP_HOME=/opt/rustwide/rustup-home" "-w" "/opt/rustwide/workdir" "-m" "1610612736" "--user" "0:0" "--network" "none" "rustops/crates-build-env@sha256:d92eaeed33fa75130ca1ee6c8a01d1ffb62bac859dfdfb3450e3e5d1c0146529" "/opt/rustwide/cargo-home/bin/cargo" "+af3c6e733a40e671550e0f0f5aeecaa13772ba56" "check" "--frozen" "--all" "--all-targets" "--message-format=json", kill_on_drop: false }`
[INFO] [stdout] cf052bf3e52ef3e83bbd1040195abc4da6447f470aaeecd47afa503379371e01
[INFO] [stderr] WARNING: Your kernel does not support swap limit capabilities or the cgroup is not mounted. Memory limited without swap.
[INFO] running `Command { std: "docker" "start" "-a" "cf052bf3e52ef3e83bbd1040195abc4da6447f470aaeecd47afa503379371e01", kill_on_drop: false }`
[INFO] [stderr] warning: dependency (lazy_conf) specified without providing a local path, Git repository, or version to use. This will be considered an error in future versions
[INFO] [stderr] warning: dependency (mksvg) specified without providing a local path, Git repository, or version to use. This will be considered an error in future versions
[INFO] [stderr]    Compiling bitflags v1.2.1
[INFO] [stderr]     Checking cfg-if v0.1.10
[INFO] [stderr]    Compiling proc-macro2 v0.4.30
[INFO] [stderr]    Compiling unicode-xid v0.1.0
[INFO] [stderr]    Compiling log v0.4.11
[INFO] [stderr]     Checking lazy_static v1.4.0
[INFO] [stderr]    Compiling byteorder v1.3.4
[INFO] [stderr]    Compiling xml-rs v0.8.3
[INFO] [stderr]    Compiling proc-macro2 v1.0.21
[INFO] [stderr]    Compiling unicode-xid v0.2.1
[INFO] [stderr]    Compiling syn v1.0.41
[INFO] [stderr]    Compiling libloading v0.6.3
[INFO] [stderr]    Compiling khronos_api v3.1.0
[INFO] [stderr]    Compiling nix v0.14.1
[INFO] [stderr]     Checking piston-float v0.3.0
[INFO] [stderr]    Compiling semver-parser v0.7.0
[INFO] [stderr]     Checking void v1.0.2
[INFO] [stderr]    Compiling serde v1.0.116
[INFO] [stderr]    Compiling rayon-core v1.8.0
[INFO] [stderr]     Checking scopeguard v1.1.0
[INFO] [stderr]    Compiling serde_derive v1.0.116
[INFO] [stderr]    Compiling khronos_api v2.2.0
[INFO] [stderr]     Checking same-file v1.0.6
[INFO] [stderr]     Checking stable_deref_trait v1.2.0
[INFO] [stderr]     Checking adler32 v1.2.0
[INFO] [stderr]    Compiling pkg-config v0.3.18
[INFO] [stderr]    Compiling num-derive v0.2.5
[INFO] [stderr]     Checking downcast-rs v1.2.0
[INFO] [stderr]     Checking scopeguard v0.3.3
[INFO] [stderr]     Checking either v1.6.0
[INFO] [stderr]     Checking xdg v2.2.0
[INFO] [stderr]     Checking shader_version v0.3.0
[INFO] [stderr]     Checking lzw v0.10.0
[INFO] [stderr]     Checking color_quant v1.0.1
[INFO] [stderr]     Checking piston-texture v0.6.0
[INFO] [stderr]     Checking scoped_threadpool v0.1.9
[INFO] [stderr]     Checking percent-encoding v1.0.1
[INFO] [stderr]     Checking read_color v1.0.0
[INFO] [stderr]    Compiling anyhow v1.0.32
[INFO] [stderr]    Compiling ryu v1.0.5
[INFO] [stderr]     Checking fnv v1.0.7
[INFO] [stderr]     Checking interpolation v0.1.0
[INFO] [stderr]    Compiling serde_json v1.0.57
[INFO] [stderr]     Checking piston-shaders_graphics2d v0.3.1
[INFO] [stderr]     Checking itoa v0.4.6
[INFO] [stderr]     Checking anymap v0.12.1
[INFO] [stderr]    Compiling crossbeam-utils v0.7.2
[INFO] [stderr]    Compiling memoffset v0.5.5
[INFO] [stderr]    Compiling crossbeam-epoch v0.8.2
[INFO] [stderr]    Compiling rayon v1.4.0
[INFO] [stderr]    Compiling num-rational v0.2.4
[INFO] [stderr]     Checking piston-viewport v0.5.0
[INFO] [stderr]     Checking vecmath v0.3.1
[INFO] [stderr]    Compiling semver v0.9.0
[INFO] [stderr]     Checking owning_ref v0.4.1
[INFO] [stderr]     Checking walkdir v2.3.1
[INFO] [stderr]     Checking inflate v0.4.5
[INFO] [stderr]     Checking gif v0.10.3
[INFO] [stderr]     Checking num_cpus v1.13.0
[INFO] [stderr]     Checking rand_os v0.1.3
[INFO] [stderr]     Checking memmap v0.7.0
[INFO] [stderr]     Checking shared_library v0.1.9
[INFO] [stderr]     Checking smallvec v0.6.13
[INFO] [stderr]     Checking lock_api v0.1.5
[INFO] [stderr]    Compiling xml-rs v0.7.0
[INFO] [stderr]    Compiling rustc_version v0.2.3
[INFO] [stderr]     Checking draw_state v0.8.0
[INFO] [stderr]     Checking approx v0.3.2
[INFO] [stderr]     Checking ordered-float v1.1.0
[INFO] [stderr]     Checking line_drawing v0.7.0
[INFO] [stderr]     Checking dlib v0.4.2
[INFO] [stderr]    Compiling gl_generator v0.10.0
[INFO] [stderr]    Compiling x11-dl v2.18.5
[INFO] [stderr]     Checking osmesa-sys v0.1.2
[INFO] [stderr]     Checking rand v0.6.5
[INFO] [stderr]     Checking wayland-sys v0.21.13
[INFO] [stderr]     Checking stb_truetype v0.3.1
[INFO] [stderr]     Checking deflate v0.7.20
[INFO] [stderr]    Compiling quote v1.0.7
[INFO] [stderr]     Checking crossbeam-channel v0.4.4
[INFO] [stderr]    Compiling quote v0.6.13
[INFO] [stderr]    Compiling parking_lot_core v0.4.0
[INFO] [stderr]     Checking rusttype v0.8.3
[INFO] [stderr]    Compiling wayland-scanner v0.21.13
[INFO] [stderr]    Compiling syn v0.15.44
[INFO] [stderr]     Checking crossbeam-deque v0.7.3
[INFO] [stderr]    Compiling gl_generator v0.9.0
[INFO] [stderr]     Checking png v0.12.0
[INFO] [stderr]     Checking rusttype v0.7.9
[INFO] [stderr]     Checking andrew v0.2.1
[INFO] [stderr]     Checking piston2d-graphics v0.28.0
[INFO] [stderr]    Compiling gl v0.11.0
[INFO] [stderr]    Compiling glutin v0.19.0
[INFO] [stderr]     Checking parking_lot v0.7.1
[INFO] [stderr]    Compiling gfx_gl v0.5.0
[INFO] [stderr]    Compiling wayland-client v0.21.13
[INFO] [stderr]    Compiling wayland-protocols v0.21.13
[INFO] [stderr]     Checking wayland-commons v0.21.13
[INFO] [stderr]     Checking jpeg-decoder v0.1.20
[INFO] [stderr]    Compiling thiserror-impl v1.0.20
[INFO] [stderr]    Compiling derivative v1.0.4
[INFO] [stderr]     Checking thiserror v1.0.20
[INFO] [stderr]     Checking mksvg v0.3.0
[INFO] [stderr]     Checking tiff v0.2.2
[INFO] [stderr]     Checking image v0.20.1
[INFO] [stderr]     Checking gfx_core v0.8.3
[INFO] [stderr]     Checking smithay-client-toolkit v0.4.6
[INFO] [stderr]     Checking pistoncore-input v0.23.0
[INFO] [stderr]     Checking winit v0.18.1
[INFO] [stderr]     Checking pistoncore-window v0.34.0
[INFO] [stderr]     Checking gfx v0.17.1
[INFO] [stderr]     Checking gfx_device_gl v0.15.5
[INFO] [stderr]     Checking pistoncore-event_loop v0.39.0
[INFO] [stderr]     Checking piston v0.39.0
[INFO] [stderr]     Checking piston-gfx_texture v0.34.0
[INFO] [stderr]     Checking pistoncore-glutin_window v0.51.1
[INFO] [stderr]     Checking piston2d-gfx_graphics v0.54.0
[INFO] [stderr]     Checking piston_window v0.85.0
[INFO] [stderr]     Checking gravity v0.1.0 (/opt/rustwide/workdir)
[INFO] [stdout] warning: unnecessary parentheses around block return value
[INFO] [stdout]   --> src/ecs/ec_vec.rs:45:17
[INFO] [stdout]    |
[INFO] [stdout] 45 | /                 (if ecit.gen == k.gen {
[INFO] [stdout] 46 | |                     Some(&mut ecit.t)
[INFO] [stdout] 47 | |                 }else{
[INFO] [stdout] 48 | |                     None
[INFO] [stdout] 49 | |                 })
[INFO] [stdout]    | |__________________^
[INFO] [stdout]    |
[INFO] [stdout]    = note: `#[warn(unused_parens)]` on by default
[INFO] [stdout] help: remove these parentheses
[INFO] [stdout]    |
[INFO] [stdout] 45 |                 if ecit.gen == k.gen {
[INFO] [stdout] 46 |                     Some(&mut ecit.t)
[INFO] [stdout] 47 |                 }else{
[INFO] [stdout] 48 |                     None
[INFO] [stdout] 49 |                 }
[INFO] [stdout]    |
[INFO] [stdout] 
[INFO] [stdout] 
[INFO] [stdout] warning: unnecessary parentheses around block return value
[INFO] [stdout]   --> src/ecs/ec_vec.rs:59:17
[INFO] [stdout]    |
[INFO] [stdout] 59 | /                 (if ecit.gen == k.gen {
[INFO] [stdout] 60 | |                     Some(&ecit.t)
[INFO] [stdout] 61 | |                 }else{
[INFO] [stdout] 62 | |                     None
[INFO] [stdout] 63 | |                 })
[INFO] [stdout]    | |__________________^
[INFO] [stdout]    |
[INFO] [stdout] help: remove these parentheses
[INFO] [stdout]    |
[INFO] [stdout] 59 |                 if ecit.gen == k.gen {
[INFO] [stdout] 60 |                     Some(&ecit.t)
[INFO] [stdout] 61 |                 }else{
[INFO] [stdout] 62 |                     None
[INFO] [stdout] 63 |                 }
[INFO] [stdout]    |
[INFO] [stdout] 
[INFO] [stdout] 
[INFO] [stdout] warning: unused import: `WindowSettings`
[INFO] [stdout]  --> src/play_edit/mod.rs:1:34
[INFO] [stdout]   |
[INFO] [stdout] 1 | use piston_window::{PistonWindow,WindowSettings,Event,Loop,clear,Input};
[INFO] [stdout]   |                                  ^^^^^^^^^^^^^^
[INFO] [stdout]   |
[INFO] [stdout]   = note: `#[warn(unused_imports)]` on by default
[INFO] [stdout] 
[INFO] [stdout] 
[INFO] [stdout] warning: unused import: `std::cmp::Ordering`
[INFO] [stdout]  --> src/play_edit/draw.rs:3:5
[INFO] [stdout]   |
[INFO] [stdout] 3 | use std::cmp::Ordering;
[INFO] [stdout]   |     ^^^^^^^^^^^^^^^^^^
[INFO] [stdout] 
[INFO] [stdout] 
[INFO] [stdout] warning: unused import: `crate::error::GravError`
[INFO] [stdout]  --> src/play_edit/draw.rs:6:5
[INFO] [stdout]   |
[INFO] [stdout] 6 | use crate::error::GravError;
[INFO] [stdout]   |     ^^^^^^^^^^^^^^^^^^^^^^^
[INFO] [stdout] 
[INFO] [stdout] 
[INFO] [stdout] warning: unused imports: `DOWN`, `LEFT`, `Position`, `RIGHT`, `shrink_by`
[INFO] [stdout]   --> src/play_edit/draw.rs:10:20
[INFO] [stdout]    |
[INFO] [stdout] 10 | use super::rects::{shrink_by, Position, QTrans, DOWN, LEFT, RIGHT, UP};
[INFO] [stdout]    |                    ^^^^^^^^^  ^^^^^^^^          ^^^^  ^^^^  ^^^^^
[INFO] [stdout] 
[INFO] [stdout] 
[INFO] [stdout] warning: unused imports: `DrawCp`, `DrawMode`
[INFO] [stdout]   --> src/play_edit/draw.rs:11:31
[INFO] [stdout]    |
[INFO] [stdout] 11 | use super::state::{AnimState, DrawCp, DrawMode, State, Tile};
[INFO] [stdout]    |                               ^^^^^^  ^^^^^^^^
[INFO] [stdout] 
[INFO] [stdout] 
[INFO] [stdout] warning: unused import: `crate::error::GravError`
[INFO] [stdout]  --> src/play_edit/mover.rs:2:5
[INFO] [stdout]   |
[INFO] [stdout] 2 | use crate::error::GravError;
[INFO] [stdout]   |     ^^^^^^^^^^^^^^^^^^^^^^^
[INFO] [stdout] 
[INFO] [stdout] 
[INFO] [stdout] warning: unused import: `Button`
[INFO] [stdout]  --> src/play_edit/user.rs:1:46
[INFO] [stdout]   |
[INFO] [stdout] 1 | use piston_window::{ButtonArgs,keyboard::Key,Button,Button::*,ButtonState};
[INFO] [stdout]   |                                              ^^^^^^
[INFO] [stdout] 
[INFO] [stdout] 
[INFO] [stdout] warning: unused import: `crate::ecs::gen::GenItem`
[INFO] [stdout]  --> src/play_edit/gravity.rs:1:5
[INFO] [stdout]   |
[INFO] [stdout] 1 | use crate::ecs::gen::GenItem;
[INFO] [stdout]   |     ^^^^^^^^^^^^^^^^^^^^^^^^
[INFO] [stdout] 
[INFO] [stdout] 
[INFO] [stdout] warning: unused import: `GravCp`
[INFO] [stdout]  --> src/play_edit/gravity.rs:4:26
[INFO] [stdout]   |
[INFO] [stdout] 4 | use super::state::{State,GravCp,PlayMode,Tile,AnimState};
[INFO] [stdout]   |                          ^^^^^^
[INFO] [stdout] 
[INFO] [stdout] 
[INFO] [stdout] warning: unused import: `Edge`
[INFO] [stdout]  --> src/play_edit/gravity.rs:6:19
[INFO] [stdout]   |
[INFO] [stdout] 6 | use super::grid::{Edge,TileCore,can_pass};
[INFO] [stdout]   |                   ^^^^
[INFO] [stdout] 
[INFO] [stdout] 
[INFO] [stdout] warning: unused import: `SvgWrite`
[INFO] [stdout]  --> src/svg/mod.rs:4:41
[INFO] [stdout]   |
[INFO] [stdout] 4 | use mksvg::{Args, PathD, SvgArg, SvgIO, SvgWrite};
[INFO] [stdout]   |                                         ^^^^^^^^
[INFO] [stdout] 
[INFO] [stdout] 
[INFO] [stdout] warning: unnecessary parentheses around block return value
[INFO] [stdout]   --> src/ecs/ec_vec.rs:45:17
[INFO] [stdout]    |
[INFO] [stdout] 45 | /                 (if ecit.gen == k.gen {
[INFO] [stdout] 46 | |                     Some(&mut ecit.t)
[INFO] [stdout] 47 | |                 }else{
[INFO] [stdout] 48 | |                     None
[INFO] [stdout] 49 | |                 })
[INFO] [stdout]    | |__________________^
[INFO] [stdout]    |
[INFO] [stdout]    = note: `#[warn(unused_parens)]` on by default
[INFO] [stdout] help: remove these parentheses
[INFO] [stdout]    |
[INFO] [stdout] 45 |                 if ecit.gen == k.gen {
[INFO] [stdout] 46 |                     Some(&mut ecit.t)
[INFO] [stdout] 47 |                 }else{
[INFO] [stdout] 48 |                     None
[INFO] [stdout] 49 |                 }
[INFO] [stdout]    |
[INFO] [stdout] 
[INFO] [stdout] 
[INFO] [stdout] warning: unnecessary parentheses around block return value
[INFO] [stdout]   --> src/ecs/ec_vec.rs:59:17
[INFO] [stdout]    |
[INFO] [stdout] 59 | /                 (if ecit.gen == k.gen {
[INFO] [stdout] 60 | |                     Some(&ecit.t)
[INFO] [stdout] 61 | |                 }else{
[INFO] [stdout] 62 | |                     None
[INFO] [stdout] 63 | |                 })
[INFO] [stdout]    | |__________________^
[INFO] [stdout]    |
[INFO] [stdout] help: remove these parentheses
[INFO] [stdout]    |
[INFO] [stdout] 59 |                 if ecit.gen == k.gen {
[INFO] [stdout] 60 |                     Some(&ecit.t)
[INFO] [stdout] 61 |                 }else{
[INFO] [stdout] 62 |                     None
[INFO] [stdout] 63 |                 }
[INFO] [stdout]    |
[INFO] [stdout] 
[INFO] [stdout] 
[INFO] [stdout] warning: unused import: `WindowSettings`
[INFO] [stdout]  --> src/play_edit/mod.rs:1:34
[INFO] [stdout]   |
[INFO] [stdout] 1 | use piston_window::{PistonWindow,WindowSettings,Event,Loop,clear,Input};
[INFO] [stdout]   |                                  ^^^^^^^^^^^^^^
[INFO] [stdout]   |
[INFO] [stdout]   = note: `#[warn(unused_imports)]` on by default
[INFO] [stdout] 
[INFO] [stdout] 
[INFO] [stdout] warning: unused import: `std::cmp::Ordering`
[INFO] [stdout]  --> src/play_edit/draw.rs:3:5
[INFO] [stdout]   |
[INFO] [stdout] 3 | use std::cmp::Ordering;
[INFO] [stdout]   |     ^^^^^^^^^^^^^^^^^^
[INFO] [stdout] 
[INFO] [stdout] 
[INFO] [stdout] warning: unused import: `crate::error::GravError`
[INFO] [stdout]  --> src/play_edit/draw.rs:6:5
[INFO] [stdout]   |
[INFO] [stdout] 6 | use crate::error::GravError;
[INFO] [stdout]   |     ^^^^^^^^^^^^^^^^^^^^^^^
[INFO] [stdout] 
[INFO] [stdout] 
[INFO] [stdout] warning: unused imports: `DOWN`, `LEFT`, `Position`, `RIGHT`, `shrink_by`
[INFO] [stdout]   --> src/play_edit/draw.rs:10:20
[INFO] [stdout]    |
[INFO] [stdout] 10 | use super::rects::{shrink_by, Position, QTrans, DOWN, LEFT, RIGHT, UP};
[INFO] [stdout]    |                    ^^^^^^^^^  ^^^^^^^^          ^^^^  ^^^^  ^^^^^
[INFO] [stdout] 
[INFO] [stdout] 
[INFO] [stdout] warning: unused imports: `DrawCp`, `DrawMode`
[INFO] [stdout]   --> src/play_edit/draw.rs:11:31
[INFO] [stdout]    |
[INFO] [stdout] 11 | use super::state::{AnimState, DrawCp, DrawMode, State, Tile};
[INFO] [stdout]    |                               ^^^^^^  ^^^^^^^^
[INFO] [stdout] 
[INFO] [stdout] 
[INFO] [stdout] warning: unused import: `crate::error::GravError`
[INFO] [stdout]  --> src/play_edit/mover.rs:2:5
[INFO] [stdout]   |
[INFO] [stdout] 2 | use crate::error::GravError;
[INFO] [stdout]   |     ^^^^^^^^^^^^^^^^^^^^^^^
[INFO] [stdout] 
[INFO] [stdout] 
[INFO] [stdout] warning: unused import: `Button`
[INFO] [stdout]  --> src/play_edit/user.rs:1:46
[INFO] [stdout]   |
[INFO] [stdout] 1 | use piston_window::{ButtonArgs,keyboard::Key,Button,Button::*,ButtonState};
[INFO] [stdout]   |                                              ^^^^^^
[INFO] [stdout] 
[INFO] [stdout] 
[INFO] [stdout] warning: unused import: `crate::ecs::gen::GenItem`
[INFO] [stdout]  --> src/play_edit/gravity.rs:1:5
[INFO] [stdout]   |
[INFO] [stdout] 1 | use crate::ecs::gen::GenItem;
[INFO] [stdout]   |     ^^^^^^^^^^^^^^^^^^^^^^^^
[INFO] [stdout] 
[INFO] [stdout] 
[INFO] [stdout] warning: unused import: `GravCp`
[INFO] [stdout]  --> src/play_edit/gravity.rs:4:26
[INFO] [stdout]   |
[INFO] [stdout] 4 | use super::state::{State,GravCp,PlayMode,Tile,AnimState};
[INFO] [stdout]   |                          ^^^^^^
[INFO] [stdout] 
[INFO] [stdout] 
[INFO] [stdout] warning: unused import: `Edge`
[INFO] [stdout]  --> src/play_edit/gravity.rs:6:19
[INFO] [stdout]   |
[INFO] [stdout] 6 | use super::grid::{Edge,TileCore,can_pass};
[INFO] [stdout]   |                   ^^^^
[INFO] [stdout] 
[INFO] [stdout] 
[INFO] [stdout] warning: unused import: `SvgWrite`
[INFO] [stdout]  --> src/svg/mod.rs:4:41
[INFO] [stdout]   |
[INFO] [stdout] 4 | use mksvg::{Args, PathD, SvgArg, SvgIO, SvgWrite};
[INFO] [stdout]   |                                         ^^^^^^^^
[INFO] [stdout] 
[INFO] [stdout] 
[INFO] [stdout] error[E0599]: no method named `start` found for struct `SvgIO<File>` in the current scope
[INFO] [stdout]   --> src/svg/mod.rs:18:7
[INFO] [stdout]    |
[INFO] [stdout] 18 |     s.start(walls.w * 50, walls.h * 50);
[INFO] [stdout]    |       ^^^^^ method not found in `SvgIO<File>`
[INFO] [stdout] 
[INFO] [stdout] 
[INFO] [stdout] error[E0599]: no method named `rect` found for struct `SvgIO<File>` in the current scope
[INFO] [stdout]   --> src/svg/mod.rs:20:7
[INFO] [stdout]    |
[INFO] [stdout] 20 |     s.rect(
[INFO] [stdout]    |       ^^^^ method not found in `SvgIO<File>`
[INFO] [stdout] 
[INFO] [stdout] 
[INFO] [stdout] error[E0599]: no method named `g_translate` found for struct `SvgIO<File>` in the current scope
[INFO] [stdout]   --> src/svg/mod.rs:32:11
[INFO] [stdout]    |
[INFO] [stdout] 32 |         s.g_translate(x * 50, y * 50);
[INFO] [stdout]    |           ^^^^^^^^^^^ method not found in `SvgIO<File>`
[INFO] [stdout] 
[INFO] [stdout] 
[INFO] [stdout] error[E0599]: no method named `g_rotate` found for struct `SvgIO<File>` in the current scope
[INFO] [stdout]   --> src/svg/mod.rs:34:15
[INFO] [stdout]    |
[INFO] [stdout] 34 |             s.g_rotate((dir + 2) * 90, 25, 25);
[INFO] [stdout]    |               ^^^^^^^^ method not found in `SvgIO<File>`
[INFO] [stdout] 
[INFO] [stdout] 
[INFO] [stdout] error[E0599]: no method named `path` found for struct `SvgIO<File>` in the current scope
[INFO] [stdout]   --> src/svg/mod.rs:37:23
[INFO] [stdout]    |
[INFO] [stdout] 37 |                     s.path(
[INFO] [stdout]    |                       ^^^^ method not found in `SvgIO<File>`
[INFO] [stdout] 
[INFO] [stdout] 
[INFO] [stdout] error[E0599]: no method named `start` found for struct `SvgIO<File>` in the current scope
[INFO] [stdout]   --> src/svg/mod.rs:18:7
[INFO] [stdout]    |
[INFO] [stdout] 18 |     s.start(walls.w * 50, walls.h * 50);
[INFO] [stdout]    |       ^^^^^ method not found in `SvgIO<File>`
[INFO] [stdout] 
[INFO] [stdout] 
[INFO] [stdout] error[E0599]: no method named `img` found for struct `SvgIO<File>` in the current scope
[INFO] [stdout]   --> src/svg/mod.rs:42:34
[INFO] [stdout]    |
[INFO] [stdout] 42 |                 Edge::Spike => s.img(
[INFO] [stdout]    |                                  ^^^ method not found in `SvgIO<File>`
[INFO] [stdout] 
[INFO] [stdout] 
[INFO] [stdout] error[E0599]: no method named `rect` found for struct `SvgIO<File>` in the current scope
[INFO] [stdout]   --> src/svg/mod.rs:20:7
[INFO] [stdout]    |
[INFO] [stdout] 20 |     s.rect(
[INFO] [stdout]    |       ^^^^ method not found in `SvgIO<File>`
[INFO] [stdout] 
[INFO] [stdout] 
[INFO] [stdout] error[E0599]: no method named `g_translate` found for struct `SvgIO<File>` in the current scope
[INFO] [stdout]   --> src/svg/mod.rs:32:11
[INFO] [stdout]    |
[INFO] [stdout] 32 |         s.g_translate(x * 50, y * 50);
[INFO] [stdout]    |           ^^^^^^^^^^^ method not found in `SvgIO<File>`
[INFO] [stdout] 
[INFO] [stdout] 
[INFO] [stdout] error[E0599]: no method named `img` found for struct `SvgIO<File>` in the current scope
[INFO] [stdout]   --> src/svg/mod.rs:52:33
[INFO] [stdout]    |
[INFO] [stdout] 52 |                 Edge::Door => s.img(
[INFO] [stdout]    |                                 ^^^ method not found in `SvgIO<File>`
[INFO] [stdout] 
[INFO] [stdout] 
[INFO] [stdout] error[E0599]: no method named `g_end` found for struct `SvgIO<File>` in the current scope
[INFO] [stdout]   --> src/svg/mod.rs:64:15
[INFO] [stdout]    |
[INFO] [stdout] 64 |             s.g_end();
[INFO] [stdout]    |               ^^^^^ method not found in `SvgIO<File>`
[INFO] [stdout] 
[INFO] [stdout] 
[INFO] [stdout] error[E0599]: no method named `g_rotate` found for struct `SvgIO<File>` in the current scope
[INFO] [stdout]   --> src/svg/mod.rs:34:15
[INFO] [stdout]    |
[INFO] [stdout] 34 |             s.g_rotate((dir + 2) * 90, 25, 25);
[INFO] [stdout]    |               ^^^^^^^^ method not found in `SvgIO<File>`
[INFO] [stdout] 
[INFO] [stdout] 
[INFO] [stdout] error[E0599]: no method named `g_end` found for struct `SvgIO<File>` in the current scope
[INFO] [stdout]   --> src/svg/mod.rs:67:11
[INFO] [stdout]    |
[INFO] [stdout] 67 |         s.g_end();
[INFO] [stdout]    |           ^^^^^ method not found in `SvgIO<File>`
[INFO] [stdout] 
[INFO] [stdout] 
[INFO] [stdout] error[E0599]: no method named `path` found for struct `SvgIO<File>` in the current scope
[INFO] [stdout]   --> src/svg/mod.rs:37:23
[INFO] [stdout]    |
[INFO] [stdout] 37 |                     s.path(
[INFO] [stdout]    |                       ^^^^ method not found in `SvgIO<File>`
[INFO] [stdout] 
[INFO] [stdout] 
[INFO] [stdout] error[E0599]: no method named `g_translate` found for struct `SvgIO<File>` in the current scope
[INFO] [stdout]   --> src/svg/mod.rs:74:11
[INFO] [stdout]    |
[INFO] [stdout] 74 |         s.g_translate(x * 50, y * 50);
[INFO] [stdout]    |           ^^^^^^^^^^^ method not found in `SvgIO<File>`
[INFO] [stdout] 
[INFO] [stdout] 
[INFO] [stdout] error[E0599]: no method named `g_rotate` found for struct `SvgIO<File>` in the current scope
[INFO] [stdout]   --> src/svg/mod.rs:77:19
[INFO] [stdout]    |
[INFO] [stdout] 77 |                 s.g_rotate(n * 90, 25, 25);
[INFO] [stdout]    |                   ^^^^^^^^ method not found in `SvgIO<File>`
[INFO] [stdout] 
[INFO] [stdout] 
[INFO] [stdout] error[E0599]: no method named `img` found for struct `SvgIO<File>` in the current scope
[INFO] [stdout]   --> src/svg/mod.rs:42:34
[INFO] [stdout]    |
[INFO] [stdout] 42 |                 Edge::Spike => s.img(
[INFO] [stdout]    |                                  ^^^ method not found in `SvgIO<File>`
[INFO] [stdout] 
[INFO] [stdout] 
[INFO] [stdout] error[E0599]: no method named `img` found for struct `SvgIO<File>` in the current scope
[INFO] [stdout]   --> src/svg/mod.rs:52:33
[INFO] [stdout]    |
[INFO] [stdout] 52 |                 Edge::Door => s.img(
[INFO] [stdout]    |                                 ^^^ method not found in `SvgIO<File>`
[INFO] [stdout] 
[INFO] [stdout] 
[INFO] [stdout] error[E0599]: no method named `g_end` found for struct `SvgIO<File>` in the current scope
[INFO] [stdout]   --> src/svg/mod.rs:64:15
[INFO] [stdout]    |
[INFO] [stdout] 64 |             s.g_end();
[INFO] [stdout]    |               ^^^^^ method not found in `SvgIO<File>`
[INFO] [stdout] 
[INFO] [stdout] 
[INFO] [stdout] error[E0599]: no method named `img` found for struct `SvgIO<File>` in the current scope
[INFO] [stdout]   --> src/svg/mod.rs:78:19
[INFO] [stdout]    |
[INFO] [stdout] 78 |                 s.img(
[INFO] [stdout]    |                   ^^^ method not found in `SvgIO<File>`
[INFO] [stdout] 
[INFO] [stdout] 
[INFO] [stdout] error[E0599]: no method named `g_end` found for struct `SvgIO<File>` in the current scope
[INFO] [stdout]   --> src/svg/mod.rs:88:19
[INFO] [stdout]    |
[INFO] [stdout] 88 |                 s.g_end();
[INFO] [stdout]    |                   ^^^^^ method not found in `SvgIO<File>`
[INFO] [stdout] 
[INFO] [stdout] 
[INFO] [stdout] error[E0599]: no method named `g_end` found for struct `SvgIO<File>` in the current scope
[INFO] [stdout]   --> src/svg/mod.rs:67:11
[INFO] [stdout]    |
[INFO] [stdout] 67 |         s.g_end();
[INFO] [stdout]    |           ^^^^^ method not found in `SvgIO<File>`
[INFO] [stdout] 
[INFO] [stdout] 
[INFO] [stdout] error[E0599]: no method named `g_end` found for struct `SvgIO<File>` in the current scope
[INFO] [stdout]   --> src/svg/mod.rs:92:11
[INFO] [stdout]    |
[INFO] [stdout] 92 |         s.g_end();
[INFO] [stdout]    |           ^^^^^ method not found in `SvgIO<File>`
[INFO] [stdout] 
[INFO] [stdout] 
[INFO] [stdout] error[E0599]: no method named `g_translate` found for struct `SvgIO<File>` in the current scope
[INFO] [stdout]    --> src/svg/mod.rs:101:11
[INFO] [stdout]     |
[INFO] [stdout] 101 |         s.g_translate(p.x * 50, p.y * 50);
[INFO] [stdout]     |           ^^^^^^^^^^^ method not found in `SvgIO<File>`
[INFO] [stdout] 
[INFO] [stdout] 
[INFO] [stdout] error[E0599]: no method named `g_translate` found for struct `SvgIO<File>` in the current scope
[INFO] [stdout]   --> src/svg/mod.rs:74:11
[INFO] [stdout]    |
[INFO] [stdout] 74 |         s.g_translate(x * 50, y * 50);
[INFO] [stdout]    |           ^^^^^^^^^^^ method not found in `SvgIO<File>`
[INFO] [stdout] 
[INFO] [stdout] 
[INFO] [stdout] error[E0599]: no method named `img` found for struct `SvgIO<File>` in the current scope
[INFO] [stdout]    --> src/svg/mod.rs:107:11
[INFO] [stdout]     |
[INFO] [stdout] 107 |         s.img(
[INFO] [stdout]     |           ^^^ method not found in `SvgIO<File>`
[INFO] [stdout] 
[INFO] [stdout] 
[INFO] [stdout] error[E0599]: no method named `g_rotate` found for struct `SvgIO<File>` in the current scope
[INFO] [stdout]   --> src/svg/mod.rs:77:19
[INFO] [stdout]    |
[INFO] [stdout] 77 |                 s.g_rotate(n * 90, 25, 25);
[INFO] [stdout]    |                   ^^^^^^^^ method not found in `SvgIO<File>`
[INFO] [stdout] 
[INFO] [stdout] 
[INFO] [stdout] error[E0599]: no method named `g_end` found for struct `SvgIO<File>` in the current scope
[INFO] [stdout]    --> src/svg/mod.rs:114:11
[INFO] [stdout]     |
[INFO] [stdout] 114 |         s.g_end();
[INFO] [stdout]     |           ^^^^^ method not found in `SvgIO<File>`
[INFO] [stdout] 
[INFO] [stdout] 
[INFO] [stdout] error[E0599]: no method named `img` found for struct `SvgIO<File>` in the current scope
[INFO] [stdout]   --> src/svg/mod.rs:78:19
[INFO] [stdout]    |
[INFO] [stdout] 78 |                 s.img(
[INFO] [stdout]    |                   ^^^ method not found in `SvgIO<File>`
[INFO] [stdout] 
[INFO] [stdout] 
[INFO] [stdout] error[E0599]: no method named `end` found for struct `SvgIO<File>` in the current scope
[INFO] [stdout]    --> src/svg/mod.rs:116:7
[INFO] [stdout]     |
[INFO] [stdout] 116 |     s.end();
[INFO] [stdout]     |       ^^^ method not found in `SvgIO<File>`
[INFO] [stdout] 
[INFO] [stdout] 
[INFO] [stdout] error[E0599]: no method named `g_end` found for struct `SvgIO<File>` in the current scope
[INFO] [stdout]   --> src/svg/mod.rs:88:19
[INFO] [stdout]    |
[INFO] [stdout] 88 |                 s.g_end();
[INFO] [stdout]    |                   ^^^^^ method not found in `SvgIO<File>`
[INFO] [stdout] 
[INFO] [stdout] 
[INFO] [stdout] error: aborting due to 18 previous errors; 13 warnings emitted
[INFO] [stdout] 
[INFO] [stdout] 
[INFO] [stdout] For more information about this error, try `rustc --explain E0599`.
[INFO] [stdout] 
[INFO] [stdout] error[E0599]: no method named `g_end` found for struct `SvgIO<File>` in the current scope
[INFO] [stdout]   --> src/svg/mod.rs:92:11
[INFO] [stdout]    |
[INFO] [stdout] 92 |         s.g_end();
[INFO] [stdout]    |           ^^^^^ method not found in `SvgIO<File>`
[INFO] [stdout] 
[INFO] [stdout] 
[INFO] [stdout] error[E0599]: no method named `g_translate` found for struct `SvgIO<File>` in the current scope
[INFO] [stdout]    --> src/svg/mod.rs:101:11
[INFO] [stdout]     |
[INFO] [stdout] 101 |         s.g_translate(p.x * 50, p.y * 50);
[INFO] [stdout]     |           ^^^^^^^^^^^ method not found in `SvgIO<File>`
[INFO] [stdout] 
[INFO] [stdout] 
[INFO] [stdout] error[E0599]: no method named `img` found for struct `SvgIO<File>` in the current scope
[INFO] [stdout]    --> src/svg/mod.rs:107:11
[INFO] [stdout]     |
[INFO] [stdout] 107 |         s.img(
[INFO] [stdout]     |           ^^^ method not found in `SvgIO<File>`
[INFO] [stdout] 
[INFO] [stdout] 
[INFO] [stderr] error: could not compile `gravity`.
[INFO] [stderr] 
[INFO] [stderr] To learn more, run the command again with --verbose.
[INFO] [stderr] warning: build failed, waiting for other jobs to finish...
[INFO] [stdout] error[E0599]: no method named `g_end` found for struct `SvgIO<File>` in the current scope
[INFO] [stdout]    --> src/svg/mod.rs:114:11
[INFO] [stdout]     |
[INFO] [stdout] 114 |         s.g_end();
[INFO] [stdout]     |           ^^^^^ method not found in `SvgIO<File>`
[INFO] [stdout] 
[INFO] [stdout] 
[INFO] [stdout] error[E0599]: no method named `end` found for struct `SvgIO<File>` in the current scope
[INFO] [stdout]    --> src/svg/mod.rs:116:7
[INFO] [stdout]     |
[INFO] [stdout] 116 |     s.end();
[INFO] [stdout]     |       ^^^ method not found in `SvgIO<File>`
[INFO] [stdout] 
[INFO] [stdout] 
[INFO] [stdout] error: aborting due to 18 previous errors; 13 warnings emitted
[INFO] [stdout] 
[INFO] [stdout] 
[INFO] [stdout] For more information about this error, try `rustc --explain E0599`.
[INFO] [stdout] 
[INFO] [stderr] error: build failed
[INFO] running `Command { std: "docker" "inspect" "cf052bf3e52ef3e83bbd1040195abc4da6447f470aaeecd47afa503379371e01", kill_on_drop: false }`
[INFO] running `Command { std: "docker" "rm" "-f" "cf052bf3e52ef3e83bbd1040195abc4da6447f470aaeecd47afa503379371e01", kill_on_drop: false }`
[INFO] [stdout] cf052bf3e52ef3e83bbd1040195abc4da6447f470aaeecd47afa503379371e01
